to base 13
-7a7
Convert 7527 (base 8) to base 2.
111101010111
30325 (base 9) to base 6
232205
-4240 (base 6) to base 13
-58b
What is 14a04 (base 14) in base 10?
51356
What is 66 (base 8) in base 11?
4a
What is 7367 (base 11) in base 4?
2120121
210200 (base 4) to base 11
1834
-132031 (base 8) to base 5
-2433410
Convert -37026 (base 8) to base 6.
-201330
Convert -535 (base 8) to base 4.
-11131
Convert -210130 (base 4) to base 11.
-1830
What is -1122200 (base 3) in base 5?
-14311
What is 21204 (base 6) in base 4?
231010
-1804 (base 9) to base 4
-111211
383 (base 13) to base 16
266
3013210 (base 5) to base 3
2102202012
What is 1041 (base 8) in base 14?
2ad
What is 44032 (base 5) in base 14?
1157
What is 88d (base 15) in base 9?
2577
What is c (base 13) in base 3?
110
-545 (base 8) to base 13
-216
What is -2523 (base 6) in base 14?
-32b
191 (base 15) to base 2
101101001
1186 (base 14) to base 4
233302
Convert -5544 (base 6) to base 15.
-5ad
What is -1204 (base 9) in base 2?
-1101111111
What is 2041 (base 9) in base 6?
10531
What is -6140 (base 8) in base 12?
-1a00
What is -b42 (base 14) in base 4?
-202212
414 (base 16) to base 11
86a
-102120 (base 3) to base 16
-138
-21035 (base 11) to base 15
-9136
What is 262 (base 14) in base 8?
736
18127 (base 10) to base 6
215531
Convert 466 (base 8) to base 14.
182
Convert -2615 (base 15) to base 13.
-3908
What is -1416 (base 7) in base 8?
-1050
-28bc (base 16) to base 14
-3b2c
What is 16356 (base 7) in base 10?
4647
What is -d6 (base 14) in base 7?
-356
What is -565 (base 11) in base 15?
-301
Convert 122 (base 15) to base 7.
515
b37 (base 12) to base 14
843
Convert 81455 (base 10) to base 8.
237057
What is -2a4 (base 14) in base 11?
-448
What is -3313 (base 9) in base 16?
-98a
Convert 7501 (base 9) to base 16.
1585
Convert 976 (base 10) to base 2.
1111010000
What is 50374 (base 8) in base 11?
14638
What is 20431 (base 7) in base 12?
2aa4
What is 22350 (base 6) in base 2?
110001011010
Convert 33034 (base 6) to base 10.
4558
Convert -20380 (base 9) to base 15.
-3eac
-1a60 (base 12) to base 6
-23000
What is d2a (base 15) in base 7?
11434
Convert -30121 (base 4) to base 16.
-319
2216 (base 13) to base 15
161b
231434 (base 5) to base 16
20b1
What is -77 (base 16) in base 12?
-9b
What is -261 (base 8) in base 9?
-216
What is -12a0 (base 14) in base 13?
-1650
10311111 (base 4) to base 14
7301
What is 21422 (base 5) in base 14?
783
Convert -4151 (base 6) to base 15.
-421
What is -32001 (base 4) in base 12?
-629
Convert -3121212 (base 4) to base 10.
-13926
What is 2313 (base 5) in base 15?
173
Convert 104 (base 5) to base 3.
1002
Convert -10010100111 (base 2) to base 13.
-708
Convert 50333 (base 6) to base 14.
25a1
Convert 10586 (base 13) to base 2.
111001101001100
-10000001 (base 2) to base 16
-81
What is -203103 (base 5) in base 6?
-50445
ab (base 13) to base 7
261
Convert -1141415 (base 6) to base 16.
-ea53
What is -11457 (base 10) in base 8?
-26301
-11627 (base 8) to base 4
-1032113
Convert -100001110001 (base 2) to base 11.
-1695
Convert -100000110101 (base 2) to base 11.
-1640
2d (base 16) to base 14
33
What is 20330 (base 4) in base 2?
1000111100
-1111111011 (base 2) to base 8
-1773
2030 (base 6) to base 4
13002
Convert -5590 (base 15) to base 3.
-220212200
Convert b80 (base 15) to base 16.
a23
Convert -11191 (base 10) to base 2.
-10101110110111
Convert 100142 (base 5) to base 11.
2424
Convert 220035 (base 7) to base 8.
113052
What is 1333200 (base 4) in base 2?
1111111100000
What is 41 (base 15) in base 8?
75
What is 28137 (base 10) in base 11?
1a15a
Convert 300124 (base 6) to base 7.
125110
Convert -10313 (base 6) to base 9.
-1840
What is 288 (base 9) in base 13?
158
1231 (base 8) to base 6
3025
What is -8686 (base 12) in base 16?
-39c6
Convert 12507 (base 8) to base 16.
1547
What is 2006 (base 8) in base 16?
406
What is -444 (base 8) in base 10?
-292
What is -1210012212 (base 3) in base 5?
-2111100
-3421 (base 11) to base 7
-16056
What is 502 (base 11) in base 8?
1137
Convert 810 (base 9) to base 5.
10112
What is 9ab (base 16) in base 12?
1523
What is 1001110 (base 2) in base 8?
116
What is -10223 (base 5) in base 14?
-372
What is 268 (base 16) in base 12?
434
Convert 16143 (base 8) to base 7.
30121
What is 4a8 (base 16) in base 4?
102220
Convert 3300333 (base 4) to base 3.
210011020
Convert 11202031 (base 4) to base 7.
123043
6656 (base 9) to base 2
1001100101111
What is 111001000101100 (base 2) in base 4?
13020230
-110000110000001 (base 2) to base 4
-12012001
31300 (base 4) to base 7
2365
Convert -45324 (base 7) to base 3.
-120202100
What is 1100 (base 5) in base 15?
a0
What is 4ca (base 14) in base 2?
1111000010
-3712 (base 10) to base 3
-12002111
Convert 13030301 (base 4) to base 7.
151655
-1202000 (base 4) to base 8
-14200
Convert 6a82 (base 14) to base 16.
486a
-8e39 (base 15) to base 12
-15590
What is -1001 (base 5) in base 2?
-1111110
Convert 5888 (base 16) to base 9.
34072
11211 (base 3) to base 10
130
6638 (base 11) to base 10
8753
Convert 544 (base 10) to base 2.
1000100000
Convert 121321 (base 4) to base 8.
3171
Convert -11d00 (base 14) to base 5.
-2344313
What is -86b6 (base 14) in base 6?
-255452
What is 114233 (base 7) in base 12?
bb92
What is -1003123 (base 4) in base 7?
-15403
-1100 (base 4) to base 7
-143
Convert -3024 (base 12) to base 11.
-3a09
13302 (base 4) to base 11
413
-12001221 (base 3) to base 8
-7161
What is -350 (base 10) in base 3?
-110222
-19e (base 16) to base 5
-3124
-333322 (base 6) to base 16
-6d52
Convert 1c7 (base 15) to base 3.
120021
What is 12112 (base 4) in base 9?
501
What is 1301323 (base 4) in base 11?
5529
What is 102200 (base 3) in base 2?
100111011
Convert 1159b (base 13) to base 16.
7bf3
What is 11221 (base 5) in base 10?
811
Convert 17b9a (base 12) to base 11.
23a45
What is 20322 (base 4) in base 14?
2ca
Convert -7382 (base 16) to base 2.
-111001110000010
What is 2515 (base 6) in base 2?
1001101111
What is -3017 (base 9) in base 12?
-1337
Convert 33343 (base 9) to base 8.
53210
-485 (base 11) to base 16
-241
ac (base 13) to base 14
a2
Convert -32606 (base 7) to base 13.
-395c
91 (base 15) to base 3
12001
What is bde (base 15) in base 3?
10200102
Convert -69d5 (base 15) to base 5.
-1204400
-355 (base 8) to base 16
-ed
1212002 (base 3) to base 2
10101001000
-b6 (base 15) to base 16
-ab
What is -6466 (base 8) in base 5?
-102012
What is -3aba (base 16) in base 4?
-3222322
4ac7 (base 16) to base 7
106545
-76668 (base 9) to base 4
-30122201
What is -28698 (base 10) in base 12?
-14736
Convert 212011 (base 3) to base 8.
1161
13055 (base 7) to base 8
6616
10101110 (base 2) to base 10
174
Convert 3300 (base 10) to base 8.
6344
201 (base 8) to base 2
10000001
What is aa97 (base 16) in base 11?
2a8a1
What is 1100000100 (base 2) in base 14?
3d2
Convert -11100223 (base 4) to base 10.
-21547
2ae3 (base 16) to base 9
16048
What is -10242 (base 5) in base 8?
-1271
What is 34881 (base 9) in base 13?
a7cb
What is -1100011 (base 2) in base 7?
-201
Convert 2321134 (base 5) to base 7.
233402
-303541 (base 6) to base 14
-8b53
What is -10000010011110 (base 2) in base 11?
-6301
19a (base 13) to base 2
100101000
What is 131d (base 15) in base 6?
30514
-24aa (base 11) to base 16
-cc2
Convert 106113 (base 8) to base 11.
24a90
What is 27343 (base 12) in base 5?
3212201
41143 (base 5) to base 8
5161
What is -7a3 (base 11) in base 8?
-1700
727 (base 12) to base 14
543
3334 (base 12) to base 11
4282
6551 (base 9) to base 6
34201
What is -3b7 (base 15) in base 4?
-31033
135e (base 16) to base 13
2345
What is -29 (base 11) in base 15?
-21
Convert -3884 (base 9) to base 12.
-1827
What is 188 (base 13) in base 3?
101102
What is -1001202 (base 3) in base 12?
-548
-807 (base 15) to base 10
-1807
100001011010 (base 2) to base 3
2221012
Convert 16098 (base 10) to base 3.
211002020
Convert 75b (base 15) to base 7.
4562
Convert -24045 (base 6) to base 13.
-1781
What is -200122010 (base 3) in base 5?
-413314
Convert 100020 (base 4) to base 2.
10000001000
-11023 (base 6) to base 16
-5f7
What is -1000001111101 (base 2) in base 13?
-1bc9
Convert 2005 (base 7) to base 4.
22303
What is 11221212 (base 3) in base 4?
320132
-223 (base 12) to base 6
-1243
Convert 1c28 (base 13) to base 5.
114014
What is 6